50, 2*p - 3*c - 93 = 0. Suppose 0 = -6*v + v + 30. What is the greatest common factor of p and v?
6
Suppose -4865*g + 4824*g + 6560 = 0. What is the greatest common divisor of g and 1590?
10
Let g be (-126)/(-36)*(-7440)/(-434). Suppose 4*t - 166 - 42 = -2*p, 5*p - 500 = -5*t. Calculate the highest common divisor of p and g.
12
Let f(q) = -47*q**3 + 20*q**2 - 3*q - 18. Let v be f(-3). Calculate the highest common factor of v and 936.
72
Let p(s) = -6*s**2 + 99*s - 63. Let x be p(7). What is the highest common divisor of 18 and x?
6
Suppose -1402 + 4762 = 5*l. Let u be l/30 - (-4)/(-10). Let d = 76 - 32. Calculate the greatest common factor of d and u.
22
Let s = 33 + 16. Suppose 2*x + 5*d = 119, 48*d - s*d + 3 = 0. What is the greatest common factor of 39 and x?
13
Let o(g) = 5*g**2 - 2*g - 5. Let a be o(4). Suppose -2*v - 830 = -5*b, 596 = 3*b + 5*v + a. Calculate the greatest common factor of b and 28.
28
Let j be (-11)/4*211/((-27641)/1572). Suppose 4*i + 2*o = -318 + 2024, 0 = 3*i - 2*o - 1297. Calculate the highest common divisor of i and j.
33
Let l be (-36)/2*((-90)/(-72) + 59/(-12)). What is the greatest common factor of l and 12?
6
Let r be -5 - 1020/44 - (-2)/11. Suppose 0 = -4*c, 180 = b + 4*b + 5*c. Let w = r + b. Calculate the highest common factor of 1 and w.
1
Let p = -698 + 1046. Suppose p = 125*r - 119*r. Calculate the greatest common factor of 58 and r.
58
Let n be (-60)/48*(-9 - (-6)/(-2)). Suppose -120 = -n*k + 195. What is the highest common factor of 9 and k?
3
Let l(u) = -15*u - 11. Let c be l(-32). Let h = c + -331. What is the greatest common divisor of 92 and h?
46
Suppose -65 - 145 = -7*u. Let v be ((-168)/(-20))/(18/u). What is the highest common divisor of 1162 and v?
14
Let p = 347 + -155. Let s(n) = -31*n + 68*n - 31*n + 12 + 6. Let r be s(1). Calculate the highest common divisor of r and p.
24
Let g be (-26)/(-2 + 0) - -1. Suppose 147 + 101 = 3*b + 2*i, 2*i = b - 96. Let f = -84 + b. Calculate the greatest common factor of f and g.
2
Let x be ((-3 - 81) + 4)/((-30)/465). Calculate the greatest common factor of x and 50.
10
Let z = -2835 + 2847. Let d = -59 + 91. Calculate the greatest common factor of d and z.
4
Let a = -3240 + 3370. What is the highest common divisor of 117 and a?
13
Suppose 68 - 5 = 3*v. Suppose 2*z - 102 = p + 58, 6*p + 36 = z. Calculate the highest common divisor of z and v.
21
Let l(f) be the third derivative of f**6/120 - 19*f**5/60 + 19*f**4/12 - f**3/2 + 34*f**2. Let p be l(17). What is the greatest common factor of p and 5?
5
Suppose -71 = 2*b + 89. Let h = b + 47. Let c = -32 - h. Calculate the greatest common divisor of 9 and c.
1
Let m(i) = 32*i**2 + 308*i - 4204. Let z be m(14). What is the highest common divisor of z and 550?
110
Suppose 5*l - 290 = p, p = 24 - 29. Let s be 215 - 5 - (1 - 0). What is the greatest common factor of l and s?
19
Suppose 88*a = 119*a - 4278. Calculate the highest common factor of 450 and a.
6
Let p be 12462*((-2)/1 + 3) + 51 + -43. What is the greatest common factor of p and 435?
145
Let v = 6314 - 6055. What is the greatest common factor of 925 and v?
37
Suppose 0*z = -5*z + 75. Suppose 0 = j - 40 + z. What is the highest common factor of j and 10?
5
Suppose -17*t + 16447 = -1555 - 23291. Calculate the greatest common divisor of t and 14.
7
Let g(f) = -92*f - 136. Let z be g(-14). Calculate the greatest common factor of z and 8.
8
Let v = -602 + 878. Suppose 3*o = -4*z + 264, 0 = o + 2*z + 13 - 115. Calculate the highest common divisor of o and v.
12
Suppose -4*j = -z - 12, 5*z - 8*j = -3*j. Suppose -13*c = z - 511. What is the greatest common factor of c and 13?
13
Let s be (-2046)/(-55)*55/2. Suppose -743 = -9*r + 94. Calculate the greatest common factor of s and r.
93
Let z be (-2)/(-11)*(983 + -279). What is the greatest common factor of z and 304?
16
Suppose 256 = 8*y + 24. Suppose 24*h - 348 = 20*h. What is the greatest common divisor of h and y?
29
Suppose -5*b + k = -2*b - 1513, -3*b = 5*k - 1543. What is the highest common divisor of 1958 and b?
22
Suppose -5*k - 4 = i + 37, 2*k = -5*i - 21. Let s be 149 + (-10)/(9/((-36)/k)). Calculate the highest common divisor of s and 9.
9
Suppose 379 = o - 5*t, 0 = -o + 3*o - 3*t - 765. Calculate the greatest common divisor of o and 16.
16
Let y = -27 + 33. Let j(o) = -66*o + 10. Let s be j(y). Let u be s/(-6) - 24/(-36). What is the greatest common divisor of 26 and u?
13
Suppose 29*z - 7896 = 25*z + 2*a, 3*a - 1988 = -z. What is the highest common divisor of 456 and z?
152
Let a be (-697)/(-34) - 2/(-4). Let w = 21 - a. Suppose -3*m + w*m - 105 = -n, -295 = -3*n + 5*m. Calculate the greatest common factor of n and 30.
30
Let p = 44 - 17. Let f(m) = 2*m**2 - 122*m - 657. Let v be f(66). What is the greatest common divisor of v and p?
3
Suppose 0 = f - 4*f - 2*q + 1288, 858 = 2*f + 2*q. Let i = -380 + f. Calculate the greatest common divisor of 150 and i.
50
Let x(t) = -t**3 - 4*t**2 + 6*t + 8. Let c be x(-5). Suppose 2*s = 5*k - 0*k - 664, 3*k - 390 = -c*s. What is the greatest common factor of 36 and k?
12
Let w = 1293 + -284. Let o(y) = y**3 + 27*y**2 - 30*y - 56. Let k be o(-28). Suppose k = -5*t + 296 + w. What is the highest common factor of t and 29?
29
Let d be -6 + 1 - (-9 - 0). Suppose d*i = 2*c - 4*c + 76, 81 = 2*c + 5*i. What is the greatest common factor of 532 and c?
28
Let w(c) = c**3 + 16*c**2 - 82*c - 84. Let r be w(-19). Calculate the highest common factor of 138 and r.
23
Suppose -35*s + 39*s = 4*a + 20, 3*s - 2*a = 12. Let z(y) = 2*y**3 + 3*y**2 - 2*y. Let m be z(s). Calculate the highest common divisor of m and 384.
24
Let r(s) = -s + 112. Let x be r(0). Suppose -9*q + x = 796. Let c = -57 - q. What is the highest common factor of c and 19?
19
Let j be 10/(-4)*(-12 + 2). Suppose 21*p - 23*p + 5*b + 100 = 0, 5*p + 4*b - 283 = 0. What is the highest common divisor of p and j?
5
Let o(b) = 363*b - 2010. Let u be o(6). Calculate the highest common factor of 15 and u.
3
Let a = -7175 + 7205. Calculate the greatest common factor of a and 1830.
30
Let p(s) = -s**3 - s + 68. Let r be p(0). Let g be 270 - (-12 - (0 - 10)). Calculate the highest common factor of g and r.
68
Let u be (-2)/((-10)/(-3)) + (-27846)/(-210). Let m = 96 + -84. Calculate the highest common factor of u and m.
12
Let r be 34/6 + 16/(-24). Let o(a) = -a**3 - 11*a**2 + 8*a - 28. Let n be o(-12). Suppose 7*g - 5*g - n = 0. What is the greatest common factor of g and r?
5
Let j = 2586 + 564. What is the greatest common factor of j and 2925?
225
Let s = -43229 + 43299. Calculate the highest common factor of 760 and s.
10
Let j(x) = -x**3 - 11*x**2 - 7*x + 33. Let m be j(-10). Suppose 1 = -15*i + 16*i. What is the highest common divisor of i and m?
1
Suppose -4*j + 67 = x, 39*j + 88 = 4*x + 37*j. Suppose 0 = -0*t + 3*t - 1539. What is the greatest common divisor of t and x?
27
Suppose j = -d + 92, -d = 4*j - 54 - 44. Suppose -4*g - 12908*n + 12911*n = -990, -2*g + 500 = -2*n. Calculate the greatest common divisor of g and d.
30
Let w = -93 + 62. Let b = 31 + w. Suppose b*y + 3*o = 5*y - 615, -y = o - 131. Calculate the greatest common factor of 18 and y.
18
Suppose 0 = 4*d - 5*h - 863, -20*d + 17*d = 3*h - 654. Calculate the highest common factor of d and 3689.
217
Suppose 7*j - 15*j + 16 = 0. Let n be j/(52/84 - 4/14). What is the highest common divisor of 66 and n?
6
Let f be (-24)/30 - ((-2028)/(-5))/(-12). Calculate the greatest common divisor of f and 33.
33
Let n be ((-561)/(-34))/(10/((-5120)/(-24))). What is the highest common divisor of 682 and n?
22
Let s be 8/(-20) - (-25858)/70. Calculate the highest common divisor of 205 and s.
41
Let q = 1791 + 355. Calculate the highest common factor of 29 and q.
29
Let k = -1662 + 2522. Calculate the highest common divisor of 20 and k.
20
Let p(l) = l**3 - 9*l**2 - 11*l - 3. Let h be p(13). Let d be 5/(-10) + h/4. Calculate the highest common divisor of 48 and d.
12
Let o be (-5)/(-2)*3120/325. Calculate the highest common divisor of 724 and o.
4
Let a be 52030/484*(-4)/(2*-1). Let b = a + -214. What is the highest common factor of b and 7?
1
Suppose -10 = 5*v, -3*x = -x - 4*v - 14. Suppose 2*j + 2*t - 76 = -2*j, 3*j - 39 = x*t. Calculate the highest common factor of j and